 q*u**2. Calculate y(2).
14
Let m(t) = 8*t**2 + 87*t + 38. Let p(b) = -17*b**2 - 178*b - 79. Let v(o) = -13*m(o) - 6*p(o). Give v(-31).
11
Let s be (-2 + 24/10)/(2/15). Let c(b) = -2*b**3 + b**2 + 5. Calculate c(s).
-40
Suppose 0 = 8*y - 63 + 31. Let l(m) = -3*m**3 + 2 + 4*m**3 + 12 - 4*m**2 - 18. Calculate l(y).
-4
Suppose 88 = -5*b + 113. Suppose -2*w + 1 = b*i - 15, i + 7 = 3*w. Let k(s) = -s**3 + 3*s**2 + 3*s. Give k(w).
9
Let m(q) = -167 + 132 + 43 + 157 + 26 + 44*q. Give m(-4).
15
Let j(g) = g**3 + 4*g**2 + 7. Suppose 3*s - 28 = -4*f, -87 = -4*s - f - 80. What is j(s)?
7
Let s(q) = -5*q + 17. Let f be (-3)/2 + -18 + 51/2. What is s(f)?
-13
Let n be 3/4*8/12*24. Let q(h) = -5*h**3 - 19*h - n*h + 30*h + 1. Give q(1).
-5
Let f(p) = 2*p - 1. Let s(u) = 13*u - 59*u + 17 + 21*u + 19*u. Let o(c) = -6*f(c) - s(c). What is o(-2)?
1
Let x(f) = f**3 - 4*f**2 - f + 4. Let w = -632 + 926. Let z = 162 - w. Let i = -128 - z. What is x(i)?
0
Let u = -21911 + 21912. Let i(w) = 20*w**2 - w + 2. Give i(u).
21
Let f(n) = 5*n**3 - 6*n**2 - 2*n - 1. Let g(m) = -m + 2*m - 14395*m**2 - 2*m**3 + 14396*m**2. Let c(a) = -f(a) - 3*g(a). Calculate c(-3).
4
Let z(a) be the third derivative of a**4/12 + 28*a**3/3 - 7*a**2 - 12. What is z(-23)?
10
Let s(q) = q**2 - 37*q + 175. Let t(i) = 2*i**2 - 72*i + 351. Let w(d) = -7*s(d) + 4*t(d). What is w(20)?
-1
Let p(q) = 6*q + 4. Let w(t) = 3*t + 2. Let z(j) = 2*p(j) - 5*w(j). Let n be (-175)/(-140) + 21/(-4). Calculate z(n).
10
Let p = 55 - 55. Let b(o) = 3*o - 14. Let t(y) = -13*y + 56. Let h(d) = 9*b(d) + 2*t(d). Calculate h(p).
-14
Let u(w) be the second derivative of w**5/20 - 7*w**4/6 + 14*w**3/3 - 189*w**2/2 - 14634*w. What is u(13)?
6
Suppose -5*i + 57 = 3*f, 0 = 2*i - 4*i + 4*f + 2. Suppose 11*w + 20 = i. Let h(a) be the first derivative of -a**3/3 - a**2 - a + 1. What is h(w)?
0
Let b(s) be the first derivative of 11*s**2/2 + 21*s + 2029. What is b(0)?
21
Let j(k) = k**3 - 10*k**2 + 10*k - 9. Let y be (-3)/(-9) - (-26)/3. Determine j(y).
0
Let h(c) = 209*c - 212*c + 470 - 465. Give h(4).
-7
Let g(i) be the third derivative of i**6/360 - i**5/20 + 23*i**4/12 - 16*i**2. Let b(r) be the second derivative of g(r). Calculate b(5).
4
Let m(z) = -z**2 + 16*z - 59. Suppose -4*t + 6*t - 14 = -x, 0 = -2*x - 12. Calculate m(t).
1
Let m(n) = -n - 3. Let d be m(-1). Let g(r) = 9*r + 9. Let u(l) = -l - 2. Let b(o) = g(o) + 5*u(o). Calculate b(d).
-9
Let t(h) = -92792*h**3 - 9*h**2 + 92793*h**3 - 4*h**2 + 3*h**2 + 16*h. Give t(7).
-35
Suppose 5*v + 145 - 107 = -2*c, 2*v - 3*c = 0. Let z(k) = k**3 + 7*k**2 + 6*k - 10. Calculate z(v).
-10
Suppose -5*v + 4*r = -0*v - 35, 5*r + 19 = -2*v. Let j(y) = -3 + 3*y - 2*y - y + v*y. Let o = -1213 + 1217. Calculate j(o).
9
Let g(v) be the third derivative of -23*v**4/8 + 407*v**3/6 - v**2 - 68. Let p be g(6). Let k(n) = n**2 + 5*n - 6. Calculate k(p).
8
Suppose 2*n = -4*n + 732. Suppose -121*z + n*z = 7. Let m(x) = -4*x + 4 - z*x + 10*x - 3. Calculate m(-4).
5
Let h(a) be the second derivative of 3/2*a**2 - 1/6*a**3 - 73*a + 0. Calculate h(6).
-3
Let r(p) = -6*p**3 - 9*p**2 - 11*p + 9. Let l(h) = 17*h**2 - 13*h**2 + 3*h**3 + 189*h - 184*h - 4. Let k(x) = -13*l(x) - 6*r(x). Calculate k(2).
-16
Suppose 0 = -47*g - 632 - 188 + 21. Let o(a) = -a**2 - 20*a - 19. What is o(g)?
32
Let a be (2/(-3))/((-6)/18). Let v(i) = -2*i + 2*i - 3*i**a + 4*i**2 + i. Suppose 2*q - 16 = -14*q. What is v(q)?
2
Let x(j) = -3*j**3 - 5*j**2 + 21*j + 50. Let z(l) = l**3 + l**2 - 9*l - 25. Let f(k) = -2*x(k) - 5*z(k). Give f(-5).
10
Let p(s) = s**2 - 9*s + 12. Let q be p(8). Let z be -3*q/12 - -4. Suppose 0 = z*j - 32 + 26. Let m(b) = -4*b**2 + 4*b - 3. Calculate m(j).
-11
Suppose -408 = 17*u - 9*u. Let y = u - -53. Suppose 0*k = -k + 2*h - 13, 2*k = y*h - 18. Let x(t) = -t**3 - 6*t**2 - 5*t - 1. Give x(k).
-1
Let z be (1 - 209/187) + (-208)/(-34). Let r(k) = 10*k**2 - k + 1 + 2*k - 18*k**2 + z*k**2. Calculate r(2).
-5
Let b(z) be the second derivative of -z**7/2520 - z**6/72 + z**5/60 - 2*z**4 - z**2/2 + 96*z. Let m(n) be the third derivative of b(n). What is m(-11)?
-9
Let z(s) = 7*s + 130. Let b = -18236 + 18236. Give z(b).
130
Let k(b) be the first derivative of -5*b**2/2 - 117*b + 7782. Calculate k(-21).
-12
Suppose 0 = 3*w - 3*x - 3, -7 = -2*w + x - 4. Let u(s) = 16*s - 1 - 9*s - w. Let r = -37 + 39. Give u(r).
11
Let k(o) = -3*o - 48. Let c(n) = 19*n + 298. Let d(r) = -2*c(r) - 13*k(r). Calculate d(-9).
19
Let c(i) = -330*i + 8256. Let a be c(25). Let p(l) = -l**3 + 16*l**2 - 63*l + 2. Determine p(a).
-16
Suppose 26*k + 199 = 277. Let b(l) = -2*l**3 + 7*l**2 - 3*l + 1. Determine b(k).
1
Let m(d) = 400*d - 1093*d - 22 + 704*d. Determine m(-7).
-99
Suppose 3*g + 4*r = 52 - 69, r = 1. Let h(f) = -14*f. Determine h(g).
98
Suppose 0 = -79*m - 859 + 69. Let s(u) = -u**2 - 6*u + 31. Give s(m).
-9
Let c(l) = 2*l**2 - 5. Suppose -a + 6*a - 755 = -5*i, -5*i = -a + 175. Let w = a - 152. Calculate c(w).
13
Let g(r) be the third derivative of r**6/720 + 7*r**5/120 + r**4/8 - 13*r**3/6 + r**2 - 22. Let y(z) be the second derivative of g(z). What is y(-10)?
-3
Let m(w) = 3*w**2 - 4*w - 13. Let f(h) = h**2 - 4*h - 1. Let k(i) = 4*f(i) - m(i). Give k(8).
-23
Let t(j) = 4*j. Let w(v) = v**3 + 32*v**2 - 69*v - 31. Let f be w(-34). Determine t(f).
12
Suppose 0 = t - 3*f - 47, 5*t = -4*f - f + 155. Let v = -39 + t. Let r(h) = -37*h + 38*h + 1 + 6. Calculate r(v).
3
Let o(v) = -14*v**2 - v - 2. Let g be o(-8). Let m be (-4)/(-18) - g/45. Let x(r) = -3*r + r**2 + m + r - 17. Give x(3).
6
Let t(d) = 44*d - 41. Let a be (337/1348)/(1/4). What is t(a)?
3
Let q be (-50)/(-275) - (-282)/22. Let d(w) = w**3 - 11*w**2 - 28*w + 8. Calculate d(q).
-18
Suppose 7*p - 246 = 265. Let m = 77 - p. Let n(v) = 6 + 0*v - 3 - 2*v. Determine n(m).
-5
Let b(z) = z - 6. Let w be 0 + (3 - 6) - (-10)/1. Suppose 2*p = -w + 59. Suppose 2*v + 7 = c, p = 5*c - 4*v + 3*v. What is b(c)?
-1
Let v(n) = -n**2 - 7*n - 3. Let w be v(-6). Let g(c) = 2350 - 2*c - 2350. Let i(k) = -6*k - 4. Let x(r) = -4*g(r) + i(r). Calculate x(w).
2
Let r(x) = 24*x - 676. Let q(a) = 30*a**2 + 1081*a + 64. Let g be q(-36). Determine r(g).
-4
Suppose 999 = 7*o - 16*o. Let b = o + 114. Let p(z) = 2*z**2 - z. Calculate p(b).
15
Let s(c) = 686*c + 1360. Let a be s(-2). Let y(q) = 9*q + 112. Determine y(a).
4
Let c(z) = z - 6. Let g(s) = -s + 27. Let r be g(24). Suppose 2*y + w + 19 = 0, w + 32 = -r*y - 4*w. Give c(y).
-15
Let y(x) = -x**3 + 2*x**2 + 5*x - 6. Let r be -3*(104/13)/(-8). Calculate y(r).
0
Let b(a) = 17 - 4 - 3*a + 4*a - 7 - 8. Let c(o) = 4*o - 23. Let q be c(4). Calculate b(q).
-9
Let v(z) = 3*z + 14. Suppose g - 60 = 2*n, 6*g + n + 111 = 8*g. Let b = -65 + g. What is v(b)?
-19
Let w(k) = -k**3 - 3*k**2 + 3*k. Let n(r) = -r**2 + 4*r + 1. Let c(v) = -4*n(v) - w(v). Determine c(-9).
5
Let y(f) = 17*f**3 - 99*f**2 - 110*f - 133. Let i(d) = 3*d**3 - 20*d**2 - 22*d - 26. Let o(w) = -11*i(w) + 2*y(w). Determine o(-21).
-1
Let y(m) be the third derivative of 0*m**3 + 0*m + 0*m**4 - 1/120*m**6 - 1/15*m**5 + 0 - 72*m**2. Calculate y(-2).
-8
Let f = -415 + 420. Suppose -f*b = -3*s + 26, 2*s - b = 7 + 8. Let t(r) = r**2 - 6*r + 7. Give t(s).
14
Let r be (-20)/3*(-6)/(-4). Let k(w) = w + 21. Let d(p) = -p - 22. Let x be (-12)/(72/30) + 1 + -1. Let f(m) = x*k(m) - 4*d(m). Determine f(r).
-7
Let p(n) = 5*n - 1. Let u be p(-2). Let i be ((-1)/(-2))/(u/(-44)). Let b(m) = m**i - 2 + 0*m**2 + m**2 + m - 2*m. What is b(2)?
4
Let x(p) be the first derivative of p**4/4 + 5*p**3/3 - 4*p**2 - 4*p - 1. Let m = -140 + 143. Suppose -5*j = -2*t + 6*t + 29, m*j + 3 = 0. Calculate x(t).
8
Let q(c) = -2*c + 27. Let t be q(6). Let m(i) = -i**2 + 22*i - 113. Give m(t).
-8
Suppose s = 5*i - 11 + 15, 4*s = -3*i + 16. Let r(w) = w**3 - 3*w**2 - 11*w + 8. Determine r(s).
-20
Let a(j) be the first derivative of 4/3*j**3 + 1/3*j**4 - 16 + 21/2*j**2 - 1/60*j**5 + 0*j. Let t(d) be the second derivative of a(d). Calculate t(9).
-1
Let o(x) = x - 3. Let n(p) = -5*p + 60. Let z be n(9). Let g be z/((-180)/8)*(-1 - 2). Determine o(g).
-1
Let k be (6/(-3))/(-2) - -14. Suppose -o + k = 5*q, 2*o + 0*q = 3*q + 4. Let g(m) be the second derivative of m**3/3 - 7*m**2/2 + m. Calculate g(o).
3
Let d(z) = -z**3 + 6*z**2 + 33*